 What is the units digit of a?
9
Let z = 24538 + -17461. What is the tens digit of z?
7
Let p(o) = -o**2 - 9*o - 12. Let z(u) = 6*u**2 - 17*u + 20. Let j be z(12). Let l be (j/(-45))/4 + 4/(-18). What is the units digit of p(l)?
8
Let x = -66 - -71. Suppose x*q - 4*w = 1125, 5*q - 2*w = -0*w + 1125. What is the units digit of q?
5
Let x(i) = 193*i**2 + 6*i + 66. What is the tens digit of x(-5)?
6
Let j(g) = -g**2 + 22*g + 2. Let w be j(12). Let c = 184 - w. What is the units digit of c?
2
Suppose -4*q + 111 = -q. Suppose -71*p - 1326 = 1017. Let x = q + p. What is the units digit of x?
4
Suppose -1483 = 2*b + t + 13321, -2*t = -5*b - 37028. Let v = b - -76616. What is the units digit of (v/60)/11 - (-2)/15?
5
Suppose 952*m - 950*m - w = 1560, 4*w = -4*m + 3120. What is the tens digit of m?
8
Suppose 1115*r - 1090*r - 143500 = 0. What is the hundreds digit of r?
7
Suppose -5*w + 249431 = a, -w + a + 21385 = -28506. What is the tens digit of w?
8
Suppose 0 = 2*g - g - 241. Let j be 1/2*4 - (5 + -164). Let f = g - j. What is the units digit of f?
0
What is the thousands digit of (-40152)/(-2) - (15 + -6) - (-1 + 2)?
0
Suppose -17 = 2*z - 5*k, -6*z = -2*z + 4*k - 36. Suppose -4*j - 7 = 9, -4*j = z*o - 2624. What is the units digit of o?
0
Let a(v) = 5*v**3 - 13*v**2 + 5*v + 11. Let o be a(9). Suppose 0 = -7*y - 548 + o. What is the hundreds digit of y?
3
Let w be 4/6*(43 + -40). Suppose -w*s = 2*s - k - 438, -2*s = -k - 218. What is the units digit of s?
0
Let z = -129265 + 193743. What is the thousands digit of z?
4
Suppose 1561*f = 1558*f - 5*i - 6, -4*i = 3*f + 3. Suppose 0 = 4*y - 488 - 340. Suppose -3*o - 345 = -5*v + o, -3*v + y = f*o. What is the tens digit of v?
6
Let t(j) = 1103*j - 1318. What is the units digit of t(31)?
5
Suppose -3137516 = -51*t - 205*t + 3602452. What is the hundreds digit of t?
3
Let l(q) = 79*q**3 + 9*q**2 + 45*q - 205. What is the tens digit of l(5)?
2
Let y be (-1*2)/(3/5673*-2). Let q = y - 1307. What is the hundreds digit of q?
5
What is the tens digit of ((-15)/(-9) + 0)/((-115)/(-387987))?
2
Let y be -1*((-14955)/12 - 12/16). Let f = y + -848. Suppose 49 = -5*k + f. What is the tens digit of k?
7
Suppose -180*y - 12684 = -184*y. Suppose 2*q + y = 3*u, 6*q - 3*q = 5*u - 5285. What is the units digit of u?
7
Let b(w) = -w**3 + 29*w**2 - 2*w + 40. What is the tens digit of b(17)?
7
Let b = 46 - 39. Suppose b*t + 20 = 12*t. Suppose -5*j + 66 = -t*l + 2*l, -3*l + 20 = j. What is the tens digit of j?
1
Suppose 2*v - 6*i - 49 = -5*i, 4*v - 5*i = 113. Suppose -6*h + 41972 = v*h. What is the thousands digit of h?
1
Let w = -833 + 872. Let f = 44 - 84. Let y = w - f. What is the units digit of y?
9
Let n(r) = 125*r**2 + 111*r + 381. What is the hundreds digit of n(-6)?
2
Let g(j) = -2*j**3 - 48*j**2 - 249*j + 51. What is the tens digit of g(-38)?
4
Let h(k) = 9*k**2 + 6*k - 20. Let b be h(2). Let a = b - -110. What is the hundreds digit of a?
1
Let r = -1934 - -1998. Let i be 2/(-8) + 245/4. Let d = r + i. What is the units digit of d?
5
Let v = 25935 + -15338. What is the tens digit of v?
9
Suppose 0 = 4*i - 261 - 107. Suppose -2*z = -94 + i. What is the units digit of z?
1
Suppose 2*u = 0, 0 = 2*w + u + 2*u - 2. What is the units digit of (w*(-8 + 2))/(4/(-218))?
7
Let b = -457 - -461. What is the units digit of (-3)/b + 56287/68?
7
Suppose 12*y - 4*y = 832. Let w = 319 + y. What is the hundreds digit of w?
4
Suppose 3*y + r - 11459 + 3021 = 0, 0 = -5*y - 4*r + 14068. What is the hundreds digit of y?
8
Let o(l) = -1958*l + 313. What is the ten thousands digit of o(-12)?
2
Suppose -23 + 5 = -6*x. Suppose 8*i - 6*i = x*q + 13, 5*q + 26 = -i. What is the tens digit of ((-96)/(-4) - -3) + i?
2
Suppose 3*q + 11 = -28. What is the hundreds digit of 441 - 0 - (5 + (q - -9))?
4
Suppose -3*u = 3*v + 6, -3*u - 8 = v + 2. Suppose -2*n + 2*j + 334 = 0, 0 = v*n - n + 4*j - 177. What is the units digit of n?
9
Let f(a) = -126*a + 5428. What is the thousands digit of f(-52)?
1
Suppose -2*j - 3*a + 1465 + 764 = 0, 0 = -5*j - 5*a + 5580. What is the units digit of j?
9
Let a be (-57)/(-38)*4/(0 + 2). Suppose -2*u - u + 1278 = 3*z, 0 = a*u - 5*z - 1294. What is the hundreds digit of u?
4
Let r(m) be the second derivative of -m**4/6 - 13*m**3/6 - 3*m**2/2 - 15*m. Let q be r(-6). What is the tens digit of 2*190/4 - q?
9
Let p be (1 - 3)/((-30)/60). Suppose 5 - 20 = -3*v, -3*v + 795 = p*g. What is the hundreds digit of g?
1
Suppose -4*p = 5*z - 18788, z + 405 = -2*p + 4171. What is the thousands digit of z?
3
Let w(g) = g. Let k(v) = 4*v - 18. Let m(b) = -k(b) + 8*w(b). Let o be m(-4). Suppose -o*r + 81 - 23 = 0. What is the units digit of r?
9
Suppose l + 0*l = g - 3, -l - 11 = -5*g. Suppose -g*d = -10, 5*r + 8*d - 2605 = 11*d. What is the units digit of r?
4
Suppose 15*w - 4*w - 330 = 0. Suppose -4*f = 4, -28*d + 3*f = -w*d + 167. What is the units digit of d?
5
Suppose -15313 = -26*q + 12767. What is the units digit of q?
0
What is the thousands digit of (3850 + -9)*2*1?
7
Suppose 23*c - 941073 = 920216 - 121086. What is the ten thousands digit of c?
7
Let m(g) be the third derivative of 7*g**5/20 - g**4/12 + 5*g**3/6 + 49*g**2. What is the units digit of m(3)?
8
Let j = -6342 + 15764. What is the thousands digit of j?
9
Let m be (-1)/(-1) + -1 + 0/(-26). Suppose 2*a - 6*a + 5936 = m. What is the hundreds digit of a?
4
Let k = -5756 - -19125. What is the hundreds digit of k?
3
What is the thousands digit of (-56676)/(-6) - 6/(12/14)?
9
Let l = 217 - 215. What is the units digit of l/3 - (-19456)/57?
2
Let s be 13/13*(-6)/2. What is the hundreds digit of s/21 - 128535/(-105)?
2
Suppose 0*f - 41 = -f + 3*h, f + 4*h = 27. Suppose f*t = 31*t. Suppose -p + 4*i + 59 = t, 6*i = i. What is the units digit of p?
9
What is the hundreds digit of (1148854/(-114) - 48)/(2/(-12))?
7
Suppose -9*o + 190 = 163. Suppose 5*n = -0*n + 755. Suppose -o*a + 3*k = -a - n, -k = a - 63. What is the tens digit of a?
6
Suppose 0 = -3*z - 19*z + 482 + 288. What is the tens digit of z?
3
Let f = -18535 - -28078. What is the hundreds digit of f?
5
Let n be 3/(-18)*183*64/(-8). Let v(j) = -27*j - 4. Let l be v(-5). Let a = n - l. What is the tens digit of a?
1
Let t(y) = -4*y - 18. Let n be t(-19). Suppose 4*m - 66 = -10. What is the units digit of 2/(-4)*(m - n)?
2
Let f be 12/6*(0/2 - 1). Let t(b) = -b**2 - 5*b - 4. Let h be t(f). What is the tens digit of 6 + (-900)/(-8) + h/4?
1
Let t = 1898 - 737. What is the hundreds digit of t?
1
Let j be 4 - (4 + 3) - -8. Suppose 4*g - 19 = -o, -9 = -j*g + g - 3*o. Let p(h) = 42*h - 40. What is the units digit of p(g)?
2
What is the hundreds digit of (-10)/(60/(-71874)) - 15?
9
Suppose -4*d - 77974 = -13*n, 0 = -3*n + d + 7762 + 10232. What is the hundreds digit of n?
9
Suppose -9*o + 90097 = 7594. What is the thousands digit of o?
9
Suppose -11*j - 1227 + 39 = 0. Let q = j - -122. Let u = q + 5. What is the tens digit of u?
1
Let o(h) = -h**3 - 6*h**2 - 36*h - 3. Suppose 11*a = 12*a + 10. What is the hundreds digit of o(a)?
7
Let k(z) be the second derivative of -z**5/20 - z**4/4 - z**3/6 + 5*z**2/2 + 15*z. Let c be k(-3). What is the tens digit of 47/1 + (c - 11)?
4
Let n be (21 + -22)*(-2 - 0). Suppose -22*u + 5000 = -n*u. What is the hundreds digit of u?
2
Let a(s) = -s**2 + 9*s + 3. Suppose 11*p - 5*p = 48. Let f be a(p). Let m = 25 - f. What is the units digit of m?
4
Let p be ((-15)/(-6) + -2)*0 - 37. Let n = 34 + p. What is the units digit of (n - -19)*(-10)/(-8)?
0
Let x(m) = 2*m**2 + 30*m - 33. Let n be x(-16). What is the tens digit of (-433)/n - (1 + -2 + -1)?
3
Let h = 64 - 64. Suppose 2*b + 2*c - 25 + 1 = 0, h = -c + 2. What is the hundreds digit of (404/b)/(4/10)?
1
Suppose 306*h - 6879880 - 237718 = -61*h. What is the units digit of h?
4
Let r = 40842 + -2452. What is the thousands digit of r?
8
Suppose -173*w - 147*w + 369*w = 116179. What is the hundreds digit of w?
3
Let h = 1358 - 696. Suppose 3*x = 4*y - 3329, 2*y - h - 1005 = x. What is the hundreds digit of y?
8
Let s be 10/35 - (-509)/7. Let o = -73 + s. Suppose 1 = q - o, 2*p - 2*q = 62. What is the units digit of p?
2
Suppose -10 = -5*n - 5*p, -2*p + 6 = 3*n - 0*n. What is the hundreds digit of n/((-42)/(-3225)) - 44/77?
1
Let h(g) = -252*g + 23